r of 136 and 5542?
34
Calculate the greatest common divisor of 832 and 39.
13
What is the greatest common factor of 18 and 1?
1
Calculate the greatest common divisor of 322 and 414.
46
Calculate the highest common factor of 90 and 36.
18
Calculate the highest common divisor of 218 and 6.
2
Calculate the highest common divisor of 3247 and 191.
191
Calculate the greatest common divisor of 28 and 406.
14
Calculate the greatest common divisor of 4768 and 32.
32
Calculate the highest common factor of 17 and 4641.
17
What is the highest common factor of 2322 and 12?
6
Calculate the greatest common divisor of 200 and 920.
40
Calculate the greatest common factor of 63 and 469.
7
Calculate the greatest common divisor of 92 and 322.
46
Calculate the highest common divisor of 2266 and 11124.
206
Calculate the highest common divisor of 12 and 100.
4
Calculate the highest common divisor of 1030 and 20.
10
What is the greatest common factor of 10 and 138?
2
What is the highest common factor of 8911 and 266?
133
What is the greatest common factor of 3195 and 35?
5
What is the highest common factor of 556 and 417?
139
What is the greatest common divisor of 1560 and 30?
30
What is the greatest common divisor of 56 and 2240?
56
What is the greatest common factor of 64 and 144?
16
Calculate the highest common divisor of 27 and 999.
27
Calculate the highest common divisor of 189 and 7.
7
What is the highest common factor of 6 and 42?
6
What is the highest common factor of 203 and 42?
7
Calculate the highest common factor of 136 and 592.
8
What is the greatest common divisor of 624 and 108?
12
What is the greatest common factor of 470 and 658?
94
Calculate the highest common divisor of 20016 and 36.
36
Calculate the greatest common factor of 86 and 16.
2
What is the greatest common divisor of 15 and 2985?
15
What is the greatest common factor of 96 and 912?
48
What is the highest common divisor of 150 and 15?
15
Calculate the greatest common factor of 62 and 248.
62
Calculate the greatest common divisor of 5700 and 57.
57
Calculate the highest common factor of 9 and 15.
3
What is the greatest common factor of 87 and 789?
3
Calculate the highest common factor of 738 and 82.
82
What is the highest common factor of 666 and 148?
74
Calculate the greatest common divisor of 16 and 40.
8
Calculate the greatest common divisor of 449 and 174212.
449
Calculate the highest common divisor of 171 and 369.
9
What is the greatest common factor of 8 and 428?
4
Calculate the greatest common divisor of 157 and 3140.
157
What is the greatest common factor of 17 and 16524?
17
Calculate the greatest common divisor of 584 and 73.
73
Calculate the highest common factor of 141 and 3.
3
What is the greatest common factor of 219 and 1387?
73
What is the highest common divisor of 47366 and 44?
22
What is the greatest common divisor of 16 and 424?
8
Calculate the greatest common factor of 125412 and 84.
84
Calculate the greatest common factor of 390 and 468.
78
Calculate the highest common factor of 258 and 47730.
258
Calculate the greatest common divisor of 49 and 7.
7
What is the highest common divisor of 756 and 2457?
189
Calculate the highest common factor of 11 and 8.
1
Calculate the highest common divisor of 14 and 378.
14
What is the greatest common factor of 21 and 5019?
21
What is the greatest common factor of 3027 and 3?
3
Calculate the greatest common divisor of 319 and 116.
29
Calculate the highest common divisor of 36 and 2712.
12
What is the highest common divisor of 623 and 1513?
89
What is the highest common divisor of 805 and 140?
35
What is the highest common divisor of 50 and 40?
10
What is the greatest common factor of 4 and 446?
2
Calculate the greatest common factor of 133 and 437.
19
Calculate the highest common factor of 10439 and 143.
143
What is the highest common divisor of 845 and 1859?
169
Calculate the highest common divisor of 464 and 870.
58
What is the greatest common factor of 111 and 851?
37
What is the highest common divisor of 442 and 650?
26
What is the highest common divisor of 11 and 77?
11
What is the greatest common divisor of 297 and 2079?
297
What is the greatest common factor of 1648 and 16?
16
What is the greatest common factor of 21 and 33?
3
Calculate the greatest common factor of 121 and 88.
11
Calculate the greatest common divisor of 26 and 2301.
13
What is the greatest common divisor of 1162 and 2822?
166
Calculate the highest common factor of 39 and 996.
3
Calculate the highest common factor of 1446 and 12.
6
What is the greatest common factor of 6179 and 167?
167
Calculate the highest common factor of 220 and 6666.
22
What is the highest common divisor of 1122 and 34?
34
Calculate the highest common divisor of 18 and 174.
6
What is the highest common factor of 108 and 2700?
108
Calculate the greatest common factor of 1905 and 508.
127
What is the highest common divisor of 99462 and 363?
363
Calculate the highest common factor of 19171 and 38.
19
Calculate the greatest common factor of 1179 and 477.
9
Calculate the greatest common factor of 80 and 352.
16
What is the highest common factor of 20 and 12860?
20
Calculate the greatest common divisor of 4110 and 195.
15
Calculate the highest common factor of 38 and 4313.
19
What is the highest common factor of 44 and 198?
22
What is the greatest common divisor of 14 and 13874?
14
What is the greatest common factor of 76 and 172?
4
What is the highest common divisor of 2015 and 5?
5
Calculate the highest common factor of 7 and 1008.
7
What is the highest common factor of 25 and 6865?
5
What is the highest common divisor of 162 and 4?
2
Calculate the greatest common divisor of 53 and 26553.
53
What is the highest common divisor of 8 and 3448?
8
Calculate the greatest common divisor of 11 and 77.
11
Calculate the greatest common divisor of 60 and 75.
15
Calculate the greatest common factor of 190 and 29735.
95
What is the highest common divisor of 19 and 836?
19
What is the highest common divisor of 44 and 154?
22
Calculate the greatest common divisor of 156 and 96.
12
What is the greatest common factor of 30 and 15?
15
What is the greatest common divisor of 410 and 13366?
82
Calculate the highest common factor of 25 and 365.
5
What is the highest common divisor of 4 and 167?
1
Calculate the greatest common divisor of 9761 and 454.
227
Calculate the highest common factor of 350 and 455.
35
What is the highest common factor of 1392 and 1276?
116
Calculate the highest common divisor of 150 and 2050.
50
Calculate the greatest common divisor of 52 and 1183.
13
Calculate the highest common factor of 88 and 1188.
44
Calculate the highest common divisor of 850 and 272.
34
What is the highest common divisor of 10696 and 112?
56
What is the greatest common divisor of 10 and 1195?
5
What is the greatest common factor of 31 and 124?
31
What is the highest common factor of 77 and 231?
77
What is the greatest common factor of 175 and 125?
25
What is the highest common divisor of 19 and 817?
19
What is the highest common divisor of 116 and 638?
58
Calculate the highest common divisor of 646 and 170.
34
Calculate the greatest common factor of 13 and 154.
1
Calculate the greatest common divisor of 10 and 20.
10
What is the greatest common divisor of 80 and 130?
10
Calculate the highest common factor of 1890 and 63.
63
Calculate the highest common factor of 116 and 5046.
58
What is the greatest common divisor of 1717 and 459?
17
Calculate the greatest common divisor of 1909 and 2490.
83
What is the greatest common factor of 1308 and 12?
12
What is the greatest common factor of 153 and 34?
17
What is the greatest common factor of 22 and 561?
11
What is the greatest common factor of 15 and 4740?
15
Calculate the highest common divisor of 44 and 11.
11
Calculate the greatest common divisor of 238 and 42.
14
What is the highest common divisor of 279 and 747?
9
Calculate the highest common divisor of 2247 and 399.
21
Calculate the greatest common divisor of 1624 and 3422.
58
What is the highest common divisor of 3230 and 4?
2
What is the highest common factor of 765 and 1615?
85
Calculate the greatest common factor of 140 and 100.
20
Calculate the highest common factor of 164 and 205.
41
Calculate the highest commo